 = 6*h(a) - 11*p(a). Let k be b(-14). Suppose t - k*t + 44 = 0. Is t a prime number?
False
Let d = -5 + 6. Let x be (3 - d)*(-148)/8. Is 1 - x - -1 - 2 a composite number?
False
Is ((-74541)/(-5))/(195/1625) a prime number?
False
Let l be (1 - -67)*(-333)/444. Let q(g) = -130*g. Let v be q(1). Let f = l - v. Is f prime?
True
Let m = 62 - 52. Let d(i) be the third derivative of -i**5/60 + i**4 - 13*i**3/6 - i**2. Is d(m) composite?
False
Suppose -3*d + 756 + 168 = 0. Suppose 7*p - 11*p + d = 0. Is p composite?
True
Is 1*-221707*(-27 - -26)*1 composite?
False
Let w(i) = 1268*i**2 + 11*i + 1. Is w(-2) a prime number?
True
Let y = -14 - -17. Let b be (-2)/y - (-22)/6. Suppose -2*f = -5*o + 3*f + 2010, 4*o = b*f + 1603. Is o prime?
True
Let i(t) = 2979*t - 65. Is i(4) composite?
True
Let m(n) = 13*n**2 - 4*n - 1. Let x = -11 - -13. Suppose -2*i - x*i = 16. Is m(i) prime?
True
Let m(u) = -11*u - 9. Let w(p) = p**3 - p**2 - p - 6. Suppose 3*a - 4*a = 0. Let r be w(a). Is m(r) composite?
True
Let t(i) = 38*i**3 - i**2 + 36*i - 19. Is t(8) a prime number?
True
Let d = -1 - -5. Let u(g) = -d*g**2 - 7 + 80*g**3 - 4*g + 5*g - 76*g**3. Is u(5) a prime number?
False
Let q = -23 + 29. Suppose -5*m - q*n = -3*n - 3695, 739 = m - 3*n. Is m a prime number?
True
Let j = 9719 + -1818. Is j composite?
False
Let m(l) = -3209*l - 55. Is m(-4) composite?
False
Let p(o) = 38*o**2 + 17*o - 34. Is p(11) a composite number?
False
Is -9*19745/(-35) + (-6)/21 a prime number?
True
Let m = -47508 + 67789. Is m a composite number?
True
Suppose 5*s - 5*m = 2*s - 6, 0 = -4*s + 4*m. Let o be s/((45/6)/5). Suppose -a = -o*x + 655, 4*x = 9*x + a - 1648. Is x composite?
True
Suppose -a + 4*m = -32, 0 = -5*a + 4*m - m + 92. Let p(u) = 156*u - 25. Is p(a) composite?
True
Let x = 9572 - -2345. Is x composite?
True
Let v = 126 - 184. Suppose 232 = 2*l + 36. Is v/(7/(l/(-4))) prime?
False
Is (2419 - (6 - 6))*1 a composite number?
True
Let y(a) be the first derivative of 7 - 1/2*a**2 + 46/3*a**3 - 4*a. Is y(-3) prime?
False
Suppose k = -3*b + 2516, 2*b + 5*k + 0*k = 1673. Is b composite?
False
Let a(s) be the first derivative of 13*s**4/2 + 2*s**3/3 + s - 16. Suppose -18 = q - 4*p, 3*q + 1 - 2 = p. Is a(q) composite?
True
Suppose -6*w + 2714 = -1024. Suppose 0 = 5*s - 3*u - 799, -5*s + s - 3*u + w = 0. Suppose 2*a - 330 = -4*y, -3*a + y + s = -351. Is a composite?
True
Suppose 2*r - 20 = -r + 2*u, -u = 5*r - 16. Suppose -k - s + 1264 = -0, 5061 = r*k + 5*s. Is k a composite number?
False
Suppose -82 - 399 = h - 3*r, -966 = 2*h - 2*r. Is 11 + -7 + (h + -1)*-3 prime?
True
Suppose -59*y + 56*y + 19869 = 0. Is y composite?
True
Suppose -2*c - c = -12. Suppose 0 = -8*w + 6*w + 142. Suppose n = -c*x + w, -4*x + 9*x = 15. Is n a prime number?
True
Let s(q) = -17*q**2 - 3*q - 1. Let n(d) = d + 1. Let m(z) = -2*n(z) - s(z). Suppose 7*t = 4*t - 9. Is m(t) composite?
False
Let r(t) = -6*t**2 + 9*t - 10. Let o be r(-9). Let u = 906 + o. Is u a prime number?
False
Let m(x) be the second derivative of 7*x**4/4 + x**3/3 - 3*x**2/2 - 36*x + 1. Let q(c) = c. Let k be q(2). Is m(k) a prime number?
False
Let v be 5/1*(-192)/30. Is (-2)/(-2) + 2 - v a composite number?
True
Suppose 0 = 86*s - 82*s - 44452. Is s a composite number?
False
Let r be (-282)/(-26) + (-20)/(-130). Let v(t) = t**2 - r*t**3 - 3*t**2 - 1 + 5 - 4*t**3. Is v(-3) a composite number?
True
Suppose -64 = 3*a - 7*a. Let g = a + -12. Suppose -3*y = 3*t - 333, -g*y - 2*t = t - 448. Is y prime?
False
Is (1/2)/((-1052886)/(-150412) + -7) prime?
False
Suppose 5*x = 25, 40 = 2*c + x + x. Suppose c*b - 10*b = 1345. Is b a prime number?
True
Suppose -8*y + 69 = -43. Suppose -4*n + 2 + 218 = 0. Let o = y + n. Is o composite?
True
Let z = -18 - -27. Is (6/z)/((-8)/(-9852)) a prime number?
True
Let q = -8 + 12. Suppose -q*b + 4254 = -4558. Is b composite?
False
Let d(m) = 391*m**2 - 12*m - 26. Is d(-7) a prime number?
False
Suppose 2*x - 2672 = 2882. Is x composite?
False
Let a be (-9)/15 - 9/(-15). Suppose a = 2*t + p - 3*p - 326, -5*t + 800 = -2*p. Is t prime?
False
Suppose m = -10040 + 24139. Is m a prime number?
False
Let x(u) = 5*u + 39. Let l(v) = 6*v + 38. Let h(g) = 4*l(g) - 5*x(g). Let f be h(0). Let c = f + 132. Is c composite?
False
Let q(f) = -159*f**2 - 6*f + 5. Let z(y) = y**2 + y - 1. Let l(u) = -q(u) - 5*z(u). Let h = -2 + 3. Is l(h) a prime number?
False
Let g be 1514 - -3 - (-20)/(-5). Let r = g - 880. Is r a prime number?
False
Suppose 0 = -6*r + 120 - 0. Let p = r - 15. Suppose 0 = -4*t - p*g + 3174, -g - 1576 = -2*t + 2*g. Is t a prime number?
False
Let y(x) be the third derivative of x**6/120 + x**5/60 + x**4/8 + 5*x**3/6 - 9*x**2. Is y(4) a prime number?
True
Is ((-1)/((-6)/502))/(10/90) prime?
False
Let x = -9 - 5. Let o be (-11852)/(-28) - (-4)/x. Let y = -236 + o. Is y composite?
True
Let m be (12/(-15))/(1/(-5)). Suppose -p + 295 = m*p. Is 1 + (-2 - -1) + p a prime number?
True
Let l = -3217 - -4546. Suppose -4*w + c - l = 2*c, 3*c = 5*w + 1640. Is (-2 - -2)/1 - w a prime number?
True
Let x = 5385 + 10516. Is x a prime number?
True
Let q(j) = 1988*j**2 + 8*j - 9. Is q(1) a prime number?
True
Let l(k) = -2*k + 15. Let x be l(6). Suppose -5*m - 226 = -p, 0 = -p + x*p - 5*m - 447. Is p prime?
False
Let p = -3882 + 5596. Is p a prime number?
False
Is (-30)/(-105) - 6053/(-7) prime?
False
Let l be -1 - -1 - 8/4. Is -673*(-4 + 6)/l prime?
True
Let w = -5093 + 13461. Is (-3)/(-1) - w/(-4)*1 a composite number?
True
Let v(r) = 208*r - 27. Is v(10) composite?
False
Let y(x) = -x**3 - 3*x**2 - 8*x + 11. Is y(-11) prime?
False
Is ((-22)/(-10) + -2)/(48/2414640) composite?
False
Let f = -282 + 393. Is f prime?
False
Let r(b) = -3*b**2 - b + 2. Let y(p) = 2*p**2 + p - 1. Let u(c) = 3*r(c) + 5*y(c). Is u(2) a prime number?
False
Suppose 3*h + 5*u + 0*u + 29 = 0, -2*h = 3*u + 18. Let w be 1 - -45 - 1 - h. Suppose x - w = 71. Is x prime?
False
Let o be 6 + (-1 - 0) + 0. Suppose -3*m - 6 = 3*i, -3*i + o*m = 1 - 11. Let k(y) = y**2 + 127. Is k(i) composite?
False
Let o(r) = 160*r**2 - 7 + 7. Let h be o(-2). Suppose -2*q + 141 = -s + 2*s, 5*s - h = 3*q. Is s prime?
True
Let s be (-111360)/(-18) + 2/(-3). Is s*(-4)/(-12)*1 a composite number?
True
Let p(a) = 38*a + 10. Let l be p(5). Suppose -87 - l = -r. Is r composite?
True
Suppose -4*d = -s - 9, 41 = 5*s - 5*d + 11. Suppose -11 = 4*h - 2*r + s, 3*h + 34 = 5*r. Let m(z) = -73*z + 4. Is m(h) prime?
True
Let p be ((-736)/6)/(2/12). Let c = -265 - p. Is c prime?
False
Let p(s) = 2*s**3 - s**3 - 12*s**2 + 11*s + 0*s**3 + 4. Let b be p(11). Is (5/3)/(b/204) a composite number?
True
Let o = 224 + 174. Suppose -3*v - o = 22. Let p = v - -229. Is p a composite number?
False
Let h(u) be the second derivative of 157*u**4/12 + u**3 + 2*u**2 + 13*u. Is h(-3) prime?
True
Let d(c) = c**3 + c**2 - c. Let b be d(-2). Is (b - 0)/(18/(-45855)) a composite number?
True
Is (-94868)/10*4/(40/(-25)) a prime number?
False
Suppose -62312 - 54231 = -7*f. Is f prime?
True
Let g(i) = i**2 - 9*i - 8. Let w be g(10). Suppose 3*a - w*y - 680 = 0, a - 208 = -0*y - 4*y. Suppose -2*q + 633 = 5*k, 0 = 3*k - 4*q - a - 161. Is k prime?
True
Let z(w) = -w**3 + 22*w**2 + 20*w - 17. Let q be z(19). Is q/5 - 12/60 composite?
True
Suppose 2398 = 3*b + 4*r, -4*b + 4*r + 1267 + 1893 = 0. Is b a prime number?
False
Let t = 2966 + 1895. Is t composite?
False
Let i(d) = 781*d - 3. Let q be (7 + -4)/(6/4). Is i(q) a prime number?
True
Suppose -3*z - 25 = 5. Let v be ((-20)/(-25))/((-2)/z). Suppose 0 = -v*m - m + 1055. Is m a prime number?
True
Let s(g) = 693*g - 2. Let y be s(6). Suppose 4188 = 8*z - y. Is z a composite number?
True
Let j = -2075 - -3898. Is j prime?
True
Let c(z) = 2*z**2 - z - 3. Let o be c(2). Suppose 3*k = 4*f - o*f + 20, 4*f + 52 = -2*k. Let x = f + 33. Is x composite?
False
Let f(c) = 939*c + 75. Let y be f(7). Let z = 5 - 7. Is y/56 - z/7 a composite number?
True
Let g(l) = l + 55. Let x be 1 + -2 + 3 + -5. Let p be (-3 - x)/((-1)/1). Is g(p) prime?
False
Let w be 18/(-36) + 2/(-4). Is w/(((-2)/(-8))/((-4861)/4)) a composite number?
False
Suppose 5*l - h = 42361, -39130 = -3*l - 2*h - 13703. Is l a prime number?
False
Suppose -14*u - 26 = -13*u. Let t = u - -20. Is (211/(-2))/(t/12) composite?
False
Is (-106)/